List the prime factors of 1145965.
5, 419, 547
List the prime factors of 4854115.
5, 7, 331, 419
What are the prime factors of 3706466?
2, 569, 3257
List the prime factors of 10021.
11, 911
What are the prime factors of 70416?
2, 3, 163
What are the prime factors of 344217?
3, 179, 641
What are the prime factors of 2653069?
41, 64709
List the prime factors of 1667342.
2, 151, 5521
List the prime factors of 1220836.
2, 305209
What are the prime factors of 206144?
2, 3221
What are the prime factors of 5944161?
3, 37, 53551
List the prime factors of 84400.
2, 5, 211
What are the prime factors of 1507916?
2, 19, 19841
List the prime factors of 3019973.
11, 29, 9467
List the prime factors of 2773728.
2, 3, 9631
What are the prime factors of 823402?
2, 541, 761
What are the prime factors of 311711?
311711
List the prime factors of 16445157.
3, 109, 50291
List the prime factors of 1063201.
1063201
List the prime factors of 728087.
728087
What are the prime factors of 929610?
2, 3, 5, 11, 313
What are the prime factors of 9550104?
2, 3, 397921
What are the prime factors of 286947?
3, 31883
What are the prime factors of 1308430?
2, 5, 130843
List the prime factors of 20070187.
79, 254053
What are the prime factors of 3681582?
2, 3, 613597
What are the prime factors of 275113?
103, 2671
List the prime factors of 295934.
2, 79, 1873
List the prime factors of 2796136.
2, 7, 1019
List the prime factors of 359692.
2, 89923
List the prime factors of 60762.
2, 3, 13, 19, 41
What are the prime factors of 56088?
2, 3, 19, 41
What are the prime factors of 30285137?
257, 117841
List the prime factors of 22054123.
7, 13, 29, 61, 137
List the prime factors of 244945.
5, 48989
What are the prime factors of 56160?
2, 3, 5, 13
What are the prime factors of 3761969?
1229, 3061
List the prime factors of 1636170.
2, 3, 5, 54539
List the prime factors of 3330968.
2, 233, 1787
What are the prime factors of 13291797?
3, 4430599
What are the prime factors of 19970361?
3, 43, 103, 167
What are the prime factors of 6311030?
2, 5, 11, 57373
List the prime factors of 19103247.
3, 191, 11113
What are the prime factors of 32840097?
3, 181, 197, 307
List the prime factors of 515201.
101, 5101
List the prime factors of 2373461.
19, 124919
What are the prime factors of 1948912?
2, 7, 17401
What are the prime factors of 2920747?
23, 126989
List the prime factors of 8940767.
11, 23, 35339
What are the prime factors of 521905?
5, 104381
What are the prime factors of 4035795?
3, 5, 113, 2381
What are the prime factors of 2953467?
3, 11, 29833
List the prime factors of 285166.
2, 7, 20369
List the prime factors of 503309.
23, 79, 277
What are the prime factors of 395702?
2, 67, 2953
What are the prime factors of 1669424?
2, 103, 1013
What are the prime factors of 668938?
2, 193, 1733
List the prime factors of 55710.
2, 3, 5, 619
What are the prime factors of 5532390?
2, 3, 5, 61471
What are the prime factors of 2913963?
3, 13, 74717
What are the prime factors of 734913?
3, 43, 211
What are the prime factors of 708307?
359, 1973
List the prime factors of 13346089.
31, 53, 8123
List the prime factors of 47994.
2, 3, 19, 421
List the prime factors of 31994.
2, 17, 941
What are the prime factors of 797984?
2, 11, 2267
What are the prime factors of 12058682?
2, 113, 229, 233
List the prime factors of 7483953.
3, 37, 191, 353
What are the prime factors of 18122?
2, 13, 17, 41
List the prime factors of 2967348.
2, 3, 247279
What are the prime factors of 23874302?
2, 61, 195691
What are the prime factors of 41153229?
3, 13, 211, 1667
What are the prime factors of 18331439?
7, 374111
List the prime factors of 17585359.
11, 1598669
List the prime factors of 122973.
3, 179, 229
List the prime factors of 3392917.
11, 308447
What are the prime factors of 673418?
2, 53, 6353
What are the prime factors of 8967354?
2, 3, 11, 19, 7151
List the prime factors of 482386.
2, 29, 8317
List the prime factors of 9592794.
2, 3, 17, 23, 29, 47
What are the prime factors of 1776362?
2, 7, 31, 4093
What are the prime factors of 113760?
2, 3, 5, 79
What are the prime factors of 101429?
101429
List the prime factors of 1367692.
2, 331, 1033
What are the prime factors of 1289762?
2, 644881
What are the prime factors of 779187?
3, 179, 1451
What are the prime factors of 623759?
623759
List the prime factors of 611989.
7, 87427
What are the prime factors of 5309733?
3, 11, 13, 12377
List the prime factors of 1033047.
3, 38261
What are the prime factors of 6565630?
2, 5, 367, 1789
What are the prime factors of 8209?
8209
What are the prime factors of 88365?
3, 5, 43, 137
List the prime factors of 629752.
2, 223, 353
List the prime factors of 1378430.
2, 5, 307, 449
What are the prime factors of 492390?
2, 3, 5, 5471
List the prime factors of 9627759.
3, 1069751
What are the prime factors of 2737260?
2, 3, 5, 37, 137
What are the prime factors of 8299535?
5, 53, 31319
List the prime factors of 247116.
2, 3, 20593
What are the prime factors of 4392959?
773, 5683
What are the prime factors of 608214?
2, 3, 167, 607
What are the prime factors of 8483541?
3, 11, 257077
What are the prime factors of 109001?
109001
List the prime factors of 433141.
433141
What are the prime factors of 5957566?
2, 2978783
List the prime factors of 191607.
3, 13, 17
List the prime factors of 1196402.
2, 59, 10139
List the prime factors of 1349733.
3, 7, 11, 5843
List the prime factors of 732306.
2, 3, 122051
What are the prime factors of 12968530?
2, 5, 263, 4931
List the prime factors of 26739085.
5, 5347817
List the prime factors of 391367.
391367
What are the prime factors of 1437775?
5, 17, 199
What are the prime factors of 268789?
268789
What are the prime factors of 21925036?
2, 7, 17, 46061
List the prime factors of 1275461.
11, 83, 127
List the prime factors of 385664.
2, 23, 131
What are the prime factors of 77839?
77839
List the prime factors of 2288168.
2, 229, 1249
List the prime factors of 456614.
2, 228307
List the prime factors of 11275960.
2, 5, 229, 1231
What are the prime factors of 400803?
3, 13, 43, 239
List the prime factors of 94087.
7, 13441
List the prime factors of 1893295.
5, 277, 1367
List the prime factors of 485743.
61, 7963
What are the prime factors of 10899849?
3, 71, 73, 701
What are the prime factors of 8851026?
2, 3, 173, 8527
What are the prime factors of 5425328?
2, 107, 3169
What are the prime factors of 3348?
2, 3, 31
List the prime factors of 270962.
2, 61, 2221
What are the prime factors of 10764792?
2, 3, 19, 43, 61
List the prime factors of 1231720.
2, 5, 7, 53, 83
What are the prime factors of 187962?
2, 3, 31327
What are the prime factors of 3507?
3, 7, 167
List the prime factors of 29243.
29243
List the prime factors of 190037.
29, 6553
List the prime factors of 13413796.
2, 11, 83, 3673
What are the prime factors of 4082718?
2, 3, 680453
List the prime factors of 1017409.
47, 21647
What are the prime factors of 95784?
2, 3, 13, 307
List the prime factors of 12960394.
2, 19, 341063
What are the prime factors of 3261132?
2, 3, 7, 12941
List the prime factors of 892899.
3, 7, 14173
List the prime factors of 59353.
7, 61, 139
List the prime factors of 1242842.
2, 83, 7487
What are the prime factors of 201088?
2, 1571
List the prime factors of 343020.
2, 3, 5, 5717
What are the prime factors of 469773?
3, 127, 137
List the prime factors of 2592515.
5, 163, 3181
What are the prime factors of 915876?
2, 3, 13, 19, 103
List the prime factors of 32134.
2, 16067
List the prime factors of 9118475.
5, 364739
List the prime factors of 3377143.
7, 11, 61, 719
What are the prime factors of 358996?
2, 11, 41, 199
What are the prime factors of 332987?
332987
What are the prime factors of 123587?
83, 1489
List the prime factors of 14006442.
2, 3, 2334407
List the prime factors of 2673726.
2, 3, 11, 17, 2383
What are the prime factors of 698809?
23, 1321
What are the prime factors of 7005391?
7005391
List the prime factors of 2227296.
2, 3, 23201
What are the prime factors of 6725652?
2, 3, 560471
What are the prime factors of 278926?
2, 89, 1567
List the prime factors of 434965.
5, 86993
List the prime factors of 2751617.
11, 250147
List the prime factors of 439113.
3, 197, 743
What are the prime factors of 453946